3 (base 13) to base 4.
3
Convert 4 (base 10) to base 5.
4
-6 (base 15) to base 8
-6
Convert -4 (base 12) to base 14.
-4
2 (base 13) to base 8
2
Convert 4 (base 6) to base 5.
4
What is -2 (base 5) in base 15?
-2
What is 145 (base 8) in base 6?
245
What is 4 (base 6) in base 11?
4
Convert 161 (base 8) to base 13.
89
What is -c (base 16) in base 4?
-30
Convert 2 (base 12) to base 5.
2
-11 (base 3) to base 16
-4
-1 (base 8) to base 6
-1
What is 12 (base 7) in base 4?
21
What is -74 (base 12) in base 14?
-64
What is 56 (base 8) in base 3?
1201
11 (base 13) to base 12
12
Convert -11 (base 16) to base 3.
-122
What is 11 (base 5) in base 11?
6
-124 (base 9) to base 2
-1100111
What is 53 (base 6) in base 12?
29
-7 (base 14) to base 16
-7
What is 4 (base 13) in base 7?
4
0 (base 2) to base 9
0
Convert -4 (base 13) to base 5.
-4
What is -232 (base 4) in base 9?
-51
What is -2 (base 8) in base 5?
-2
1 (base 16) to base 15
1
What is -c (base 14) in base 7?
-15
What is -503 (base 6) in base 10?
-183
What is 110 (base 4) in base 6?
32
-50 (base 14) to base 15
-4a
-54 (base 8) to base 12
-38
Convert -122 (base 6) to base 7.
-101
Convert -1 (base 8) to base 3.
-1
Convert 132 (base 4) to base 16.
1e
Convert -a (base 15) to base 13.
-a
What is -1b (base 12) in base 8?
-27
-443 (base 8) to base 6
-1203
Convert 2 (base 11) to base 12.
2
-13 (base 4) to base 10
-7
What is -81 (base 11) in base 6?
-225
64 (base 8) to base 11
48
-1 (base 15) to base 16
-1
What is -45 (base 16) in base 9?
-76
-3 (base 13) to base 8
-3
Convert 5 (base 14) to base 10.
5
-232 (base 5) to base 6
-151
Convert -140 (base 12) to base 2.
-11000000
What is 11 (base 11) in base 6?
20
What is -40 (base 12) in base 9?
-53
What is -2 (base 11) in base 13?
-2
What is 3 (base 12) in base 14?
3
What is -415 (base 6) in base 4?
-2123
Convert 3 (base 4) to base 5.
3
1 (base 6) to base 3
1
What is -2 (base 6) in base 16?
-2
Convert -95 (base 10) to base 16.
-5f
64 (base 8) to base 9
57
Convert 300 (base 11) to base 3.
111110
What is -302 (base 5) in base 13?
-5c
What is 1b (base 14) in base 6?
41
1 (base 15) to base 7
1
-3 (base 4) to base 3
-10
-100 (base 3) to base 12
-9
What is 1021 (base 3) in base 12?
2a
0 (base 12) to base 6
0
Convert 13b (base 15) to base 5.
2111
3 (base 4) to base 11
3
What is -266 (base 8) in base 15?
-c2
-100101 (base 2) to base 14
-29
What is 4c (base 16) in base 12?
64
What is -3 (base 7) in base 13?
-3
Convert -113 (base 10) to base 9.
-135
Convert -11 (base 7) to base 16.
-8
c6 (base 14) to base 2
10101110
What is -10 (base 10) in base 13?
-a
What is 1 (base 8) in base 15?
1
What is 5 (base 6) in base 10?
5
What is 5 (base 10) in base 8?
5
What is -382 (base 9) in base 16?
-13d
Convert -3 (base 4) to base 11.
-3
What is -2 (base 10) in base 3?
-2
-3 (base 5) to base 13
-3
What is -134 (base 7) in base 2?
-1001010
What is -3 (base 15) in base 6?
-3
Convert -124 (base 6) to base 10.
-52
What is 1 (base 7) in base 2?
1
-11 (base 7) to base 15
-8
What is 24 (base 16) in base 15?
26
15 (base 13) to base 10
18
-3 (base 9) to base 6
-3
What is 61 (base 15) in base 8?
133
What is -60 (base 7) in base 16?
-2a
Convert -1212 (base 3) to base 9.
-55
What is -6 (base 15) in base 10?
-6
Convert -213 (base 4) to base 15.
-29
What is b (base 14) in base 9?
12
-34 (base 12) to base 13
-31
What is 17 (base 16) in base 10?
23
Convert -110 (base 2) to base 8.
-6
Convert 10222 (base 3) to base 14.
79
Convert 15 (base 16) to base 4.
111
Convert 6 (base 11) to base 16.
6
Convert 114 (base 5) to base 8.
42
Convert 100101100 (base 2) to base 15.
150
148 (base 9) to base 15
85
-362 (base 10) to base 11
-2aa
Convert 111 (base 4) to base 15.
16
Convert -1 (base 5) to base 12.
-1
What is -19 (base 13) in base 4?
-112
What is -10101 (base 4) in base 3?
-101010
3 (base 11) to base 9
3
-44 (base 7) to base 13
-26
20 (base 11) to base 6
34
Convert 10031 (base 4) to base 12.
1a5
-10010 (base 2) to base 3
-200
What is -21 (base 15) in base 3?
-1011
Convert 17 (base 14) to base 15.
16
What is -42 (base 10) in base 9?
-46
What is 3 (base 16) in base 9?
3
Convert 9 (base 15) to base 14.
9
Convert -111 (base 5) to base 13.
-25
100101 (base 2) to base 8
45
1 (base 15) to base 11
1
Convert 11 (base 12) to base 10.
13
26 (base 10) to base 8
32
What is 4 (base 10) in base 7?
4
60 (base 11) to base 12
56
Convert -10 (base 5) to base 8.
-5
0 (base 5) to base 3
0
What is -1 (base 5) in base 3?
-1
What is -12 (base 7) in base 8?
-11
Convert 0 (base 7) to base 14.
0
What is -102 (base 4) in base 2?
-10010
Convert -1 (base 16) to base 14.
-1
What is 10 (base 6) in base 13?
6
What is 0 (base 11) in base 13?
0
Convert b (base 15) to base 4.
23
Convert -7 (base 8) to base 15.
-7
Convert -6 (base 15) to base 2.
-110
Convert -5 (base 8) to base 12.
-5
5a (base 12) to base 16
46
What is -3 (base 12) in base 9?
-3
What is -211 (base 3) in base 5?
-42
Convert -14 (base 7) to base 5.
-21
2 (base 15) to base 14
2
-7 (base 16) to base 11
-7
32 (base 12) to base 8
46
Convert 2 (base 5) to base 12.
2
What is -10 (base 5) in base 12?
-5
What is 3 (base 5) in base 14?
3
Convert 12 (base 16) to base 11.
17
-1c (base 16) to base 14
-20
Convert 40 (base 12) to base 11.
44
What is -51 (base 9) in base 7?
-64
What is -11 (base 11) in base 15?
-c
Convert -113 (base 5) to base 10.
-33
What is c (base 15) in base 8?
14
-3e (base 16) to base 6
-142
Convert -7 (base 11) to base 2.
-111
4 (base 12) to base 3
11
Convert 10 (base 7) to base 12.
7
16 (base 12) to base 3
200
What is 31 (base 5) in base 7?
22
What is -44 (base 10) in base 8?
-54
Convert -6 (base 12) to base 5.
-11
Convert -8 (base 10) to base 6.
-12
What is -23 (base 6) in base 14?
-11
What is -12 (base 5) in base 16?
-7
What is 4 (base 12) in base 13?
4
-166 (base 11) to base 2
-11000001
-99 (base 11) to base 13
-84
-11011 (base 2) to base 16
-1b
Convert -2 (base 10) to base 11.
-2
Convert 38 (base 11) to base 6.
105
-4 (base 11) to base 10
-4
What is -11 (base 7) in base 2?
-1000
-13 (base 16) to base 2
-10011
What is -3 (base 8) in base 11?
-3
What is -4 (base 13) in base 6?
-4
Convert 30 (base 8) to base 3.
220
What is 0 (base 16) in base 4?
0
1 (base 13) to base 5
1
-4 (base 10) to base 2
-100
Convert -3 (base 10) to base 9.
-3
Convert -2 (base 10) to base 2.
-10
What is 1 (base 8) in base 12?
1
Convert 0 (base 14) to base 13.
0
Convert -4 (base 10) to base 4.
-10
What is 31 (base 14) in base 11?
3a
11012 (base 3) to base 6
305
Convert 2 (base 9) to base 4.
2
-6 (base 12) to base 2
-110
8 (base 15) to base 13
8
Convert -8 (base 16) to base 7.
-11
What is -4 (base 14) in base 5?
-4
Convert 3 (base 14) to base 6.
3
-101100 (base 2) to base 15
-2e
What is 10 (base 7) in base 5?
12
Convert -182 (base 9) to base 15.
-a5
What is -303 (base 5) in base 4?
-1032
Convert 63 (base 7) to base 15.
30
Convert 3 (base 7) to base 15.
3
Convert a (base 15) to base 8.
12
0 (base 9) to base 12
0
Convert 210 (base 8) to base 7.
253
102 (base 3) to base 7
14
What is 13 (base 11) in base 13?
11
What is 31 (base 4) in base 3?
111
Convert -100 (base 2) to base 10.
-4
80 (base 12) to base 8
140
What is -206 (base 7) in base 6?
-252
Convert 47 (base 16) to base 5.
241
Convert 1001 (base 2) to base 9.
10
73 (base 10) to base 11
67
7 (base 16) to base 11
7
Convert d4 (base 14) to base 9.
226
-c8 (base 15) to base 14
-d6
Convert 3 (base 5) to base 7.
3
-6c (base 16) to base 3
-11000
-1 (base 12) to base 4
-1
1102 (base 3) to base 11
35
Convert b (base 15) to base 16.
b
Convert b (base 12) to base 15.
b
What is -3 (base 9) in base 3?
-10
Convert 0 (base 4) to base 5.
0
1020 (base 3) to base 11
30
What is -11 (base 8) in base 16?
-9
Convert -67 (base 13) to base 10.
-85
What is -102 (base 5) in base 2?
-11011
What is 12 (base 5) in base 2?
111
Convert 27 (base 10) to base 4.
123
What is 69 (base 13) in base 7?
153
What is 4 (base 5) in base 3?
11
Convert 0 (base 12) to base 9.
0
-3 (base 10) to base 11
-3
What is 2 (base 10) in base 13?
2
8 (base 11) to base 16
8
What is -11 (base 6) in base 3?
-21
What is 4 (base 9) in base 6?
4
What is 10111 (base 2) in base 16?
17
4 (base 15) to base 16
4
Convert -152 (base 12) to base 14.
-10a
-3 (base 11) to base 8
-3
Convert 54 (base 6) to base 11.
31
What is -37 (b